{"id":17443,"date":"2022-08-07T15:39:02","date_gmt":"2022-08-07T14:39:02","guid":{"rendered":"https:\/\/masdors.ch\/?post_type=product&#038;p=17443"},"modified":"2022-08-07T15:59:30","modified_gmt":"2022-08-07T14:59:30","slug":"refrigerateur-liebherr-mrfvd-3501","status":"publish","type":"product","link":"https:\/\/masdors.ch\/index.php\/produit\/refrigerateur-liebherr-mrfvd-3501\/","title":{"rendered":"R\u00e9frig\u00e9rateur Liebherr MRFVD-3501"},"content":{"rendered":"<div class=\"data_table_module__row\" style=\"text-align: center;\"><span class=\"data_table_module__cell\">\u00a0<\/span><\/div>\n<div><\/div>\n<div class=\"data_table_module__row\" style=\"text-align: center;\">\n<p>Ce r\u00e9frig\u00e9rateur \u00e0 bouteilles\u00a0<strong>Liebherr<\/strong>\u00a0de couleur gris\u00a0<strong>acier<\/strong>\u00a0a une plage de\u00a0<strong>temp\u00e9rature de +1\u00b0C \u00e0 +15\u00b0C.<\/strong><\/p>\n<p>Contient une porte qui se ferme automatiquement, de sorte que les portes ouvertes appartiennent au pass\u00e9.<\/p>\n<p>S\u2019int\u00e8gre parfaitement dans votre cuisine d\u2019ext\u00e9rieur.<\/p>\n<p><span class=\"data_table_module__cell\">Capacit\u00e9 brute r\u00e9frig\u00e9ration 327<\/span><span class=\"data_table_module__cell\"> l <\/span><\/p>\n<\/div>\n<div class=\"data_table_module__row\" style=\"text-align: center;\"><span class=\"data_table_module__cell\"> <span title=\"Dimensions ext\u00e9rieures (L\/P\/H)\">Dimensions ext\u00e9rieures (L\/P\/H)<\/span> 59<\/span><span class=\"data_table_module__cell\">,7 \/ 65,4 \/ 168,4 cm <\/span><\/div>\n<div class=\"data_table_module__row\" style=\"text-align: center;\"><span class=\"data_table_module__cell\"> <span title=\"Consommation \u00e9lectrique en 24 heures\">Consommation annuelle d&rsquo;\u00e9nergie 372,81 kWh<\/span> <\/span><\/div>\n<div>\n<div class=\"grid_12\">\n<section id=\"snippetId_25\" class=\"accordion_module jQueryPluginAccordionProceed\">\n<section class=\"accordionItem accordionItemLevel1 open\">\n<div class=\"accordionContent\">\n<section class=\"grid_24 text_img_1of2_module\">\n<div class=\"image span_4\">\n<div class=\"trackEvent\" data-event-category=\"Product Detail1\" data-event-action=\"Bildvergr\u00f6\u00dferung\" data-event-label=\"Bildvergr\u00f6\u00dferung Label\">\n<p><a href=\"https:\/\/masdors.ch\/wp-content\/uploads\/2022\/08\/MRFVD-3501-20-fiche-technique-fr.pdf\">Fiche-technique-fr<\/a><\/p>\n<\/div>\n<\/div>\n<\/section>\n<\/div>\n<\/section>\n<\/section>\n<\/div>\n<\/div>\n","protected":false},"excerpt":{"rendered":"<p><strong>Num\u00e9ro d&rsquo;article:<\/strong> MRFVD-3501<\/p>\n","protected":false},"featured_media":17462,"template":"","meta":[],"product_cat":[131,201],"product_tag":[],"yoast_head":"<!-- This site is optimized with the Yoast SEO plugin v20.13 - https:\/\/yoast.com\/wordpress\/plugins\/seo\/ -->\n<title>R\u00e9frig\u00e9rateur Liebherr MRFVD-3501 - Masdors - Cuisines ext\u00e9rieurs<\/title>\n<meta name=\"robots\" content=\"index, follow, max-snippet:-1, max-image-preview:large, max-video-preview:-1\" \/>\n<link rel=\"canonical\" href=\"https:\/\/masdors.ch\/index.php\/produit\/refrigerateur-liebherr-mrfvd-3501\/\" \/>\n<meta property=\"og:locale\" content=\"fr_FR\" \/>\n<meta property=\"og:type\" content=\"article\" \/>\n<meta property=\"og:title\" content=\"R\u00e9frig\u00e9rateur Liebherr MRFVD-3501 - Masdors - Cuisines ext\u00e9rieurs\" \/>\n<meta property=\"og:description\" content=\"Num\u00e9ro d&#039;article: MRFVD-3501\" \/>\n<meta property=\"og:url\" content=\"https:\/\/masdors.ch\/index.php\/produit\/refrigerateur-liebherr-mrfvd-3501\/\" \/>\n<meta property=\"og:site_name\" content=\"Masdors - Cuisines ext\u00e9rieurs\" \/>\n<meta property=\"article:modified_time\" content=\"2022-08-07T14:59:30+00:00\" \/>\n<meta property=\"og:image\" content=\"https:\/\/masdors.ch\/wp-content\/uploads\/2022\/08\/Capture-decran-2022-08-07-165841.jpg\" \/>\n\t<meta property=\"og:image:width\" content=\"272\" \/>\n\t<meta property=\"og:image:height\" content=\"396\" \/>\n\t<meta property=\"og:image:type\" content=\"image\/jpeg\" \/>\n<meta name=\"twitter:card\" content=\"summary_large_image\" \/>\n<script type=\"application\/ld+json\" class=\"yoast-schema-graph\">{\"@context\":\"https:\/\/schema.org\",\"@graph\":[{\"@type\":\"WebPage\",\"@id\":\"https:\/\/masdors.ch\/index.php\/produit\/refrigerateur-liebherr-mrfvd-3501\/\",\"url\":\"https:\/\/masdors.ch\/index.php\/produit\/refrigerateur-liebherr-mrfvd-3501\/\",\"name\":\"R\u00e9frig\u00e9rateur Liebherr MRFVD-3501 - Masdors - Cuisines ext\u00e9rieurs\",\"isPartOf\":{\"@id\":\"https:\/\/masdors.ch\/#website\"},\"datePublished\":\"2022-08-07T14:39:02+00:00\",\"dateModified\":\"2022-08-07T14:59:30+00:00\",\"breadcrumb\":{\"@id\":\"https:\/\/masdors.ch\/index.php\/produit\/refrigerateur-liebherr-mrfvd-3501\/#breadcrumb\"},\"inLanguage\":\"fr-FR\",\"potentialAction\":[{\"@type\":\"ReadAction\",\"target\":[\"https:\/\/masdors.ch\/index.php\/produit\/refrigerateur-liebherr-mrfvd-3501\/\"]}]},{\"@type\":\"BreadcrumbList\",\"@id\":\"https:\/\/masdors.ch\/index.php\/produit\/refrigerateur-liebherr-mrfvd-3501\/#breadcrumb\",\"itemListElement\":[{\"@type\":\"ListItem\",\"position\":1,\"name\":\"Home\",\"item\":\"https:\/\/masdors.ch\/\"},{\"@type\":\"ListItem\",\"position\":2,\"name\":\"Produits\",\"item\":\"https:\/\/masdors.ch\/index.php\/shop\/\"},{\"@type\":\"ListItem\",\"position\":3,\"name\":\"R\u00e9frig\u00e9rateur Liebherr MRFVD-3501\"}]},{\"@type\":\"WebSite\",\"@id\":\"https:\/\/masdors.ch\/#website\",\"url\":\"https:\/\/masdors.ch\/\",\"name\":\"Masdors - Cuisines ext\u00e9rieurs\",\"description\":\"\",\"publisher\":{\"@id\":\"https:\/\/masdors.ch\/#organization\"},\"potentialAction\":[{\"@type\":\"SearchAction\",\"target\":{\"@type\":\"EntryPoint\",\"urlTemplate\":\"https:\/\/masdors.ch\/?s={search_term_string}\"},\"query-input\":\"required name=search_term_string\"}],\"inLanguage\":\"fr-FR\"},{\"@type\":\"Organization\",\"@id\":\"https:\/\/masdors.ch\/#organization\",\"name\":\"Masdors - Cuisines ext\u00e9rieurs\",\"url\":\"https:\/\/masdors.ch\/\",\"logo\":{\"@type\":\"ImageObject\",\"inLanguage\":\"fr-FR\",\"@id\":\"https:\/\/masdors.ch\/#\/schema\/logo\/image\/\",\"url\":\"https:\/\/masdors.ch\/wp-content\/uploads\/2020\/09\/Masdors_Logo-01x.png\",\"contentUrl\":\"https:\/\/masdors.ch\/wp-content\/uploads\/2020\/09\/Masdors_Logo-01x.png\",\"width\":223,\"height\":63,\"caption\":\"Masdors - Cuisines ext\u00e9rieurs\"},\"image\":{\"@id\":\"https:\/\/masdors.ch\/#\/schema\/logo\/image\/\"}}]}<\/script>\n<!-- \/ Yoast SEO plugin. -->","yoast_head_json":{"title":"R\u00e9frig\u00e9rateur Liebherr MRFVD-3501 - Masdors - Cuisines ext\u00e9rieurs","robots":{"index":"index","follow":"follow","max-snippet":"max-snippet:-1","max-image-preview":"max-image-preview:large","max-video-preview":"max-video-preview:-1"},"canonical":"https:\/\/masdors.ch\/index.php\/produit\/refrigerateur-liebherr-mrfvd-3501\/","og_locale":"fr_FR","og_type":"article","og_title":"R\u00e9frig\u00e9rateur Liebherr MRFVD-3501 - Masdors - Cuisines ext\u00e9rieurs","og_description":"Num\u00e9ro d'article: MRFVD-3501","og_url":"https:\/\/masdors.ch\/index.php\/produit\/refrigerateur-liebherr-mrfvd-3501\/","og_site_name":"Masdors - Cuisines ext\u00e9rieurs","article_modified_time":"2022-08-07T14:59:30+00:00","og_image":[{"width":272,"height":396,"url":"https:\/\/masdors.ch\/wp-content\/uploads\/2022\/08\/Capture-decran-2022-08-07-165841.jpg","type":"image\/jpeg"}],"twitter_card":"summary_large_image","schema":{"@context":"https:\/\/schema.org","@graph":[{"@type":"WebPage","@id":"https:\/\/masdors.ch\/index.php\/produit\/refrigerateur-liebherr-mrfvd-3501\/","url":"https:\/\/masdors.ch\/index.php\/produit\/refrigerateur-liebherr-mrfvd-3501\/","name":"R\u00e9frig\u00e9rateur Liebherr MRFVD-3501 - Masdors - Cuisines ext\u00e9rieurs","isPartOf":{"@id":"https:\/\/masdors.ch\/#website"},"datePublished":"2022-08-07T14:39:02+00:00","dateModified":"2022-08-07T14:59:30+00:00","breadcrumb":{"@id":"https:\/\/masdors.ch\/index.php\/produit\/refrigerateur-liebherr-mrfvd-3501\/#breadcrumb"},"inLanguage":"fr-FR","potentialAction":[{"@type":"ReadAction","target":["https:\/\/masdors.ch\/index.php\/produit\/refrigerateur-liebherr-mrfvd-3501\/"]}]},{"@type":"BreadcrumbList","@id":"https:\/\/masdors.ch\/index.php\/produit\/refrigerateur-liebherr-mrfvd-3501\/#breadcrumb","itemListElement":[{"@type":"ListItem","position":1,"name":"Home","item":"https:\/\/masdors.ch\/"},{"@type":"ListItem","position":2,"name":"Produits","item":"https:\/\/masdors.ch\/index.php\/shop\/"},{"@type":"ListItem","position":3,"name":"R\u00e9frig\u00e9rateur Liebherr MRFVD-3501"}]},{"@type":"WebSite","@id":"https:\/\/masdors.ch\/#website","url":"https:\/\/masdors.ch\/","name":"Masdors - Cuisines ext\u00e9rieurs","description":"","publisher":{"@id":"https:\/\/masdors.ch\/#organization"},"potentialAction":[{"@type":"SearchAction","target":{"@type":"EntryPoint","urlTemplate":"https:\/\/masdors.ch\/?s={search_term_string}"},"query-input":"required name=search_term_string"}],"inLanguage":"fr-FR"},{"@type":"Organization","@id":"https:\/\/masdors.ch\/#organization","name":"Masdors - Cuisines ext\u00e9rieurs","url":"https:\/\/masdors.ch\/","logo":{"@type":"ImageObject","inLanguage":"fr-FR","@id":"https:\/\/masdors.ch\/#\/schema\/logo\/image\/","url":"https:\/\/masdors.ch\/wp-content\/uploads\/2020\/09\/Masdors_Logo-01x.png","contentUrl":"https:\/\/masdors.ch\/wp-content\/uploads\/2020\/09\/Masdors_Logo-01x.png","width":223,"height":63,"caption":"Masdors - Cuisines ext\u00e9rieurs"},"image":{"@id":"https:\/\/masdors.ch\/#\/schema\/logo\/image\/"}}]}},"_links":{"self":[{"href":"https:\/\/masdors.ch\/index.php\/wp-json\/wp\/v2\/product\/17443"}],"collection":[{"href":"https:\/\/masdors.ch\/index.php\/wp-json\/wp\/v2\/product"}],"about":[{"href":"https:\/\/masdors.ch\/index.php\/wp-json\/wp\/v2\/types\/product"}],"wp:featuredmedia":[{"embeddable":true,"href":"https:\/\/masdors.ch\/index.php\/wp-json\/wp\/v2\/media\/17462"}],"wp:attachment":[{"href":"https:\/\/masdors.ch\/index.php\/wp-json\/wp\/v2\/media?parent=17443"}],"wp:term":[{"taxonomy":"product_cat","embeddable":true,"href":"https:\/\/masdors.ch\/index.php\/wp-json\/wp\/v2\/product_cat?post=17443"},{"taxonomy":"product_tag","embeddable":true,"href":"https:\/\/masdors.ch\/index.php\/wp-json\/wp\/v2\/product_tag?post=17443"}],"curies":[{"name":"wp","href":"https:\/\/api.w.org\/{rel}","templated":true}]}}

Réfrigérateur Liebherr MRFVD-3501

<div class="data_table_module__row" style="text-align: center;"><span class="data_table_module__cell"> </span></div>
<div></div>
<div class="data_table_module__row" style="text-align: center;">
<p>Ce réfrigérateur à bouteilles <strong>Liebherr</strong> de couleur gris <strong>acier</strong> a une plage de <strong>température de +1°C à +15°C.</strong></p>
<p>Contient une porte qui se ferme automatiquement, de sorte que les portes ouvertes appartiennent au passé.</p>
<p>S’intègre parfaitement dans votre cuisine d’extérieur.</p>
<p><span class="data_table_module__cell">Capacité brute réfrigération 327</span><span class="data_table_module__cell"> l </span></p>
</div>
<div class="data_table_module__row" style="text-align: center;"><span class="data_table_module__cell"> <span title="Dimensions extérieures (L/P/H)">Dimensions extérieures (L/P/H)</span> 59</span><span class="data_table_module__cell">,7 / 65,4 / 168,4 cm </span></div>
<div class="data_table_module__row" style="text-align: center;"><span class="data_table_module__cell"> <span title="Consommation électrique en 24 heures">Consommation annuelle d&rsquo;énergie 372,81 kWh</span> </span></div>
<div>
<div class="grid_12">
<section id="snippetId_25" class="accordion_module jQueryPluginAccordionProceed">
<section class="accordionItem accordionItemLevel1 open">
<div class="accordionContent">
<section class="grid_24 text_img_1of2_module">
<div class="image span_4">
<div class="trackEvent" data-event-category="Product Detail1" data-event-action="Bildvergrößerung" data-event-label="Bildvergrößerung Label">
<p><a href="https://masdors.ch/wp-content/uploads/2022/08/MRFVD-3501-20-fiche-technique-fr.pdf">Fiche-technique-fr</a></p>
</div>
</div>
</section>
</div>
</section>
</section>
</div>
</div>

<p><strong>Numéro d&rsquo;article:</strong> MRFVD-3501</p>

<!-- This site is optimized with the Yoast SEO plugin v20.13 - https://yoast.com/wordpress/plugins/seo/ -->
<title>Réfrigérateur Liebherr MRFVD-3501 - Masdors - Cuisines extérieurs</title>
<meta name="robots" content="index, follow, max-snippet:-1, max-image-preview:large, max-video-preview:-1" />
<link rel="canonical" href="https://masdors.ch/index.php/produit/refrigerateur-liebherr-mrfvd-3501/" />
<meta property="og:locale" content="fr_FR" />
<meta property="og:type" content="article" />
<meta property="og:title" content="Réfrigérateur Liebherr MRFVD-3501 - Masdors - Cuisines extérieurs" />
<meta property="og:description" content="Numéro d&#039;article: MRFVD-3501" />
<meta property="og:url" content="https://masdors.ch/index.php/produit/refrigerateur-liebherr-mrfvd-3501/" />
<meta property="og:site_name" content="Masdors - Cuisines extérieurs" />
<meta property="article:modified_time" content="2022-08-07T14:59:30+00:00" />
<meta property="og:image" content="https://masdors.ch/wp-content/uploads/2022/08/Capture-decran-2022-08-07-165841.jpg" />
	<meta property="og:image:width" content="272" />
	<meta property="og:image:height" content="396" />
	<meta property="og:image:type" content="image/jpeg" />
<meta name="twitter:card" content="summary_large_image" />
<script type="application/ld+json" class="yoast-schema-graph">{"@context":"https://schema.org","@graph":[{"@type":"WebPage","@id":"https://masdors.ch/index.php/produit/refrigerateur-liebherr-mrfvd-3501/","url":"https://masdors.ch/index.php/produit/refrigerateur-liebherr-mrfvd-3501/","name":"Réfrigérateur Liebherr MRFVD-3501 - Masdors - Cuisines extérieurs","isPartOf":{"@id":"https://masdors.ch/#website"},"datePublished":"2022-08-07T14:39:02+00:00","dateModified":"2022-08-07T14:59:30+00:00","breadcrumb":{"@id":"https://masdors.ch/index.php/produit/refrigerateur-liebherr-mrfvd-3501/#breadcrumb"},"inLanguage":"fr-FR","potentialAction":[{"@type":"ReadAction","target":["https://masdors.ch/index.php/produit/refrigerateur-liebherr-mrfvd-3501/"]}]},{"@type":"BreadcrumbList","@id":"https://masdors.ch/index.php/produit/refrigerateur-liebherr-mrfvd-3501/#breadcrumb","itemListElement":[{"@type":"ListItem","position":1,"name":"Home","item":"https://masdors.ch/"},{"@type":"ListItem","position":2,"name":"Produits","item":"https://masdors.ch/index.php/shop/"},{"@type":"ListItem","position":3,"name":"Réfrigérateur Liebherr MRFVD-3501"}]},{"@type":"WebSite","@id":"https://masdors.ch/#website","url":"https://masdors.ch/","name":"Masdors - Cuisines extérieurs","description":"","publisher":{"@id":"https://masdors.ch/#organization"},"potentialAction":[{"@type":"SearchAction","target":{"@type":"EntryPoint","urlTemplate":"https://masdors.ch/?s={search_term_string}"},"query-input":"required name=search_term_string"}],"inLanguage":"fr-FR"},{"@type":"Organization","@id":"https://masdors.ch/#organization","name":"Masdors - Cuisines extérieurs","url":"https://masdors.ch/","logo":{"@type":"ImageObject","inLanguage":"fr-FR","@id":"https://masdors.ch/#/schema/logo/image/","url":"https://masdors.ch/wp-content/uploads/2020/09/Masdors_Logo-01x.png","contentUrl":"https://masdors.ch/wp-content/uploads/2020/09/Masdors_Logo-01x.png","width":223,"height":63,"caption":"Masdors - Cuisines extérieurs"},"image":{"@id":"https://masdors.ch/#/schema/logo/image/"}}]}</script>
<!-- / Yoast SEO plugin. -->

Réfrigérateur Liebherr MRFVD-3501 - Masdors - Cuisines extérieurs

Numéro d'article: MRFVD-3501

Masdors - Cuisines extérieurs
